 3*j - 1. Determine g(-3).
-37
Let w(n) = -n**2 - 2*n - 8. Give w(3).
-23
Let v(j) = j**3 - 7*j**2 + 4*j - 3. What is v(6)?
-15
Let c(d) = d**2 - 4*d - 6. Give c(6).
6
Let w(n) = n**2 + 2*n - 3. Give w(2).
5
Let i(s) = 4*s**2 - 10*s + 3. Calculate i(2).
-1
Let t(s) = s**3 + 13*s**2 + 18*s + 78. Give t(-12).
6
Let c(b) = b**3 - 22*b**2 - 24*b + 22. What is c(23)?
-1
Let x(r) = -2*r + 50. Determine x(23).
4
Let z(r) = -2*r + 101. What is z(0)?
101
Let r(u) = -u**2 - 4*u - 5. Calculate r(-2).
-1
Let x(p) = -p**3 - 5*p**2 + 6*p + 29. Determine x(-4).
-11
Let o(y) = -19*y - 2. Give o(3).
-59
Let m(j) = -3*j - 21. Determine m(-15).
24
Let z(c) = -c**3 - c**2 + 6. What is z(0)?
6
Let z(r) = r**3 + 11*r**2 - 2*r + 15. Calculate z(-11).
37
Let y(f) = f**3 - 2*f**2 - f - 1. Calculate y(3).
5
Let v(x) = -x - 9. Determine v(13).
-22
Let a(d) = -d**2 - 6*d - 4. Give a(-3).
5
Let b(f) = f**3 - 25*f**2 + 51*f - 117. Determine b(23).
-2
Let h(i) = -i**3 - 2*i**2 - i - 2. What is h(-3)?
10
Let s(r) = r**3 - 6*r**2 - 6*r - 9. What is s(7)?
-2
Let a(o) = -20*o**2 - 224*o - 38. Give a(-11).
6
Let t(m) = -2*m**3 - 11*m**2 + 9*m + 44. What is t(-6)?
26
Let q(d) = -d**3 - d**2 + 3*d - 2. What is q(2)?
-8
Let a(l) = -l + 10. What is a(12)?
-2
Let f(w) = w**3 - 2*w**2 - 12*w + 19. Determine f(3).
-8
Let w(d) = -d - 16. Give w(11).
-27
Let n(h) = -h**3 + 17*h**2 - 23*h + 109. Give n(16).
-3
Let j(s) = -s**3 + s**2 + 8*s - 7. Give j(3).
-1
Let s(g) = -31*g - 205. Determine s(-6).
-19
Let u(l) = -6*l**2 + 7*l + 14. What is u(-4)?
-110
Let r(n) = -n**3 - 19*n**2 + 3*n + 76. Determine r(-19).
19
Let a(x) = -7*x + 62. Give a(20).
-78
Let q(l) = 9*l - 59. Determine q(-3).
-86
Let y(u) = -7*u - 10. Give y(-2).
4
Let l(t) = t**2 - 37*t + 269. What is l(28)?
17
Let h(u) = u**3 + 49*u**2 + 89*u - 249. Calculate h(-47).
-14
Let v(z) = -2*z**3 + 4*z**2 - 4*z + 4. What is v(3)?
-26
Let r(p) = -9*p - 4. Calculate r(2).
-22
Let c(p) = -4*p - 316. Calculate c(-79).
0
Let a(d) = -3*d + 48. Calculate a(18).
-6
Let i(n) = -n**2 - 12*n + 24. Give i(-14).
-4
Let b(n) = -3*n + 3. Calculate b(8).
-21
Let q(p) = 5*p**2 + 3*p - 1. Give q(-2).
13
Let x(r) = -r**2 + 9*r + 4. What is x(8)?
12
Let k(s) = s**2 - 6*s - 5. Determine k(-1).
2
Let w(j) = j**3 - 5*j**2 + 3*j + 10. What is w(4)?
6
Let p(r) = -r**3 - 32*r**2 - 26*r + 101. What is p(-31)?
-54
Let t(q) = -q**2 - 14*q - 39. What is t(-8)?
9
Let q(m) = 2*m**3 - 7*m**2 - 23*m + 5. Determine q(7).
187
Let t(u) = 6*u - 168. Give t(29).
6
Let d(j) = 2*j**3 - 24*j**2 + 41*j - 17. What is d(10)?
-7
Let m(i) = -2*i - 11. What is m(-12)?
13
Let b(n) = -n**2 - 11*n - 24. Give b(-9).
-6
Let o(p) = -4*p. Calculate o(2).
-8
Let l(y) = 3*y + 32. Determine l(-11).
-1
Let w(k) = 2*k**2 - 35*k + 40. Determine w(16).
-8
Let o(h) = -6*h + 3. Give o(3).
-15
Let g(c) = -15*c + 22. What is g(1)?
7
Let v(b) = 8*b + 23. Determine v(-5).
-17
Let v(q) = q**2 - q - 6. Determine v(-5).
24
Let q(g) = -11*g - 6. Give q(2).
-28
Let c(q) = 27*q + 1. Give c(-2).
-53
Let w(l) = -l**2 - 5*l + 10. Determine w(-8).
-14
Let f(z) = 17*z + 518. What is f(-30)?
8
Let b(v) = v**3 + 2*v**2 + v + 1. Give b(-5).
-79
Let j(x) = -x**3 - 26*x**2 - 31*x - 28. Determine j(-25).
122
Let c(g) = -g**3 + 7*g**2 - 3*g - 6. Give c(6).
12
Let m(c) = -3*c - 25. Determine m(-10).
5
Let g(r) = r**3 + 5*r**2 - 25*r - 8. Calculate g(-8).
0
Let d(i) = i**3 - 24*i**2 - 23*i - 50. Give d(25).
0
Let v(z) = -z**2 + 39*z - 133. Determine v(35).
7
Let p(y) = -y**3 + 6*y**2 - y - 7. Give p(5).
13
Let p(s) = 2*s + 31. Give p(-14).
3
Let k(s) = s**3 - 13*s**2 + 12*s + 12. Determine k(9).
-204
Let z(s) = s**2 - 11*s - 11. Give z(11).
-11
Let f(o) = 3*o - 17. What is f(7)?
4
Let d(x) = x**3 + 6*x**2 - x - 17. Calculate d(-5).
13
Let v(c) = -c**3 + 7*c**2 - 5*c + 19. Give v(7).
-16
Let g(j) = 2*j**3 - 24*j**2 + j - 17. Give g(12).
-5
Let s(i) = -2*i + 1. What is s(5)?
-9
Let b(l) = l**3 - 20*l**2 - 2*l - 16. Calculate b(20).
-56
Let p(i) = 12*i**2 + 3*i. Calculate p(-2).
42
Let p(d) = -d**3 + 17*d**2 + 19*d + 4. Determine p(18).
22
Let v(p) = 3*p - 20. What is v(12)?
16
Let i(d) = d**3 + 25*d**2 - 83*d + 33. Calculate i(-28).
5
Let m(d) = -d**3 + 24*d**2 + d - 35. Give m(24).
-11
Let n(r) = -3*r**3 + r**2 - 4*r - 13. What is n(-3)?
89
Let i(n) = -2*n**2 - 8*n - 4. Determine i(-6).
-28
Let a(c) = -c**3 - 4*c**2 - 6*c - 7. Give a(-4).
17
Let l(i) = -i**3 - 7*i**2 - 9*i - 14. Calculate l(-6).
4
Let t(l) = -l**2 - 14*l - 1. Give t(-13).
12
Let s(v) = v - 27. Determine s(19).
-8
Let b(s) = -2*s**3 + 23*s**2 + 15*s - 28. Calculate b(12).
8
Let u(r) = -8*r - 67. What is u(-18)?
77
Let d(i) = i**3 - 7*i**2 + 11*i - 5. Determine d(5).
0
Let r(l) = l - 4. Give r(14).
10
Let h(c) = -c**2 + 13*c - 39. What is h(5)?
1
Let z(d) = d**3 - 18*d**2 - 38*d - 22. What is z(20)?
18
Let q(t) = 12*t + 76. Calculate q(-6).
4
Let a(l) = l**3 + 3*l**2 - 5*l + 2. Determine a(-4).
6
Let u(h) = -h**3 + 14*h**2 + 31*h + 13. Calculate u(16).
-3
Let n(v) = v + 28. Determine n(-20).
8
Let p(u) = -5*u + 12. Give p(-6).
42
Let d(l) = 28*l - 3. Determine d(4).
109
Let o(c) = c**3 + 4*c**2 - 8*c - 6. Calculate o(-6).
-30
Let f(v) = -5*v**2. What is f(-1)?
-5
Let x(d) = d**2 - d - 70. What is x(0)?
-70
Let n(k) = -12*k**2 + 72*k - 1. Calculate n(6).
-1
Let o(h) = -35*h - 207. Calculate o(-6).
3
Let a(s) = 5*s - 4. Give a(-5).
-29
Let p(o) = -2*o**3 + o**2 + 5*o - 3. Give p(-2).
7
Let n(w) = -w**3 - 11*w**2 - 24*w + 1. What is n(-8)?
1
Let y(n) = -n**3 - 11*n**2 - 2*n - 16. Determine y(-11).
6
Let g(f) = f**3 - 2*f**2 - 3*f - 4. Calculate g(2).
-10
Let y(l) = 4*l**3 + 27*l**2 - 7*l + 6. Give y(-7).
6
Let k(q) = 2*q + 13. Determine k(0).
13
Let d(x) = -x**2 - 35*x - 139. Calculate d(-31).
-15
Let x(t) = t**3 - 5*t**2 - 6*t - 7. Determine x(5).
-37
Let m(d) = 4*d - 16. What is m(7)?
12
Let n(p) = -p**3 + 61*p**2 - 119*p + 58. Determine n(59).
-1
Let w(r) = 2*r**2 - 36*r + 8. Determine w(18).
8
Let u(n) = -n**2 + 2. Calculate u(3).
-7
Let c(w) = -w + 27. Give c(-5).
32
Let q(h) = h**2 - 13*h - 2. Give q(13).
-2
Let f(j) = j**3 + 22*j**2 + 22*j + 28. What is f(-21)?
7
Let f(g) = -5*g**2 + g - 3. Give f(-2).
-25
Let z(f) = -49*f - 145. Determine z(-3).
2
Let b(l) = -l**3 - 10*l**2 - 12*l - 17. Give b(-9).
10
Let l(s) = s**3 + 5*s**2 + 17. Give l(-7).
-81
Let g(i) = 4*i - 1. Calculate g(-1).
-5
Let o(y) = -2*y + 10. Determine o(-7).
24
Let m(a) = 3*a**2 + 5*a - 4. Determine m(-3).
8
Let r(h) = 5*h - 43. Calculate r(7).
-8
Let h(c) = c**2 - 30*c + 54. What is h(28)?
-2
Let o(h) = 2*h**2 + 59*h + 422. Calculate o(-17).
-3
Let j(r) = 2*r**2 + 9*r - 12. Calculate j(-6).
6
Let i(l) = l**2 - 14*l + 15. Calculate i(12).
-9
Let x(y) = 2*y + 9. What is x(8)?
25
Let k(x) = -8*x - 34. Give k(-5).
6
Let q(a) = -a**2 + 6*a + 6. What is q(6)?
6
Let x(o) = -77*o - 391. What is x(-5)?
-6
Let p(m) = m**3 - 10*m**2 - 15*m + 30. What is p(11)?
-14
Let x(d) = -d**2 + 3*d - 3. What is x(4)?
-7
Let l(i) = i - 12. Determine l(4).
-8
Let j(d) = 3*d**2 - 5*d + 24. Determine j(0).
24
Let a(q) = 5*q**2 + 41*q + 9. Give a(-6).
-57
Let n(y) = 4*y + 29. Determine n(-7).
1
Let n(q) = q**3 + 11*q**2 - 12*q - 4. What is n(-12)?
-4
Let a(i) = -4*i**2 + 22*i - 2. What is a(5)?
8
Let q(h) = h**2 + h - 13. Determine q(-4).
-1
Let g(l) = -l**3 - 17*l**2 + 18*l - 5. Calculate g(-18).
-5
Let y(o) = -o + 9. Determine y(14).
-5
Let i(y) = 4*y**3 + y**2 - 2*y + 36. What is i(0)?
36
Let r(y) = -2*y**3 + 10*y**2 + 52*y + 10. What is r(-3)?
-2
Let h(r) = -22*r + 1655. Calculate h(75).
5
Let j(h) = h**2 + 2*h. Calculate j(4).
24
Let n(r) = r**3 - 14*r**2 + 16*r - 23. Give n(13).
16
Let k(n) = -2*n**2 + 10*n - 24. What is k(3)?
-12
Let n(g) = -g**3 - 17*g**2 + 17*g - 12. Calculate n(-18).
6
Let q(x) = 8*x - 90. Give q(9).
-18
Let s(l) = -l**3 + 15*l**2 + l - 38. Give s(15).
-23
Let r(m) = m**2 + 5*m + 6. What is r(-5)?
6
Let j(c) = c**2 + 13*c + 24. Calculate j(-11).
2
Let b(i) = 14*i + 135. Determine b(-10).
-5
Let t(s) = -s**2 + 13*s - 10. Calculate t(14).
-24
Let a(z) = z**2 - 6*z - 3. Give a(6).
-3
Let q(j) = -j**3 - 20*j**2 + 19*j - 37. Give q(-21).
5
Let x(z) = z + 43. Give x(-14).
29
Let u(i) = i + 56. Determine u(-44).
12
Let k(m) = -m**3 - 4*m**2 + 9*m + 1. Determine k(-6).
19
Let n(b) = b**3